[INFO] cloning repository https://github.com/asubmissions/hedgecut
[INFO] running `Command { std: "git" "-c" "credential.helper=" "-c" "credential.helper=/workspace/cargo-home/bin/git-credential-null" "clone" "--bare" "https://github.com/asubmissions/hedgecut" "/workspace/cache/git-repos/https%3A%2F%2Fgithub.com%2Fasubmissions%2Fhedgecut", kill_on_drop: false }`
[INFO] [stderr] Cloning into bare repository '/workspace/cache/git-repos/https%3A%2F%2Fgithub.com%2Fasubmissions%2Fhedgecut'...
[INFO] running `Command { std: "git" "rev-parse" "HEAD", kill_on_drop: false }`
[INFO] [stdout] 27c07f63d11f4953d9f77a24691bab7aa1c90711
[INFO] building asubmissions/hedgecut against master#881c1ac408d93bb7adaa3a51dabab9266e82eee8 for issue-85264
[INFO] running `Command { std: "git" "clone" "/workspace/cache/git-repos/https%3A%2F%2Fgithub.com%2Fasubmissions%2Fhedgecut" "/workspace/builds/worker-2/source", kill_on_drop: false }`
[INFO] [stderr] Cloning into '/workspace/builds/worker-2/source'...
[INFO] [stderr] done.
[INFO] validating manifest of git repo https://github.com/asubmissions/hedgecut on toolchain 881c1ac408d93bb7adaa3a51dabab9266e82eee8
[INFO] running `Command { std: "/workspace/cargo-home/bin/cargo" "+881c1ac408d93bb7adaa3a51dabab9266e82eee8" "metadata" "--manifest-path" "Cargo.toml" "--no-deps", kill_on_drop: false }`
[INFO] started tweaking git repo https://github.com/asubmissions/hedgecut
[INFO] finished tweaking git repo https://github.com/asubmissions/hedgecut
[INFO] tweaked toml for git repo https://github.com/asubmissions/hedgecut written to /workspace/builds/worker-2/source/Cargo.toml
[INFO] crate git repo https://github.com/asubmissions/hedgecut already has a lockfile, it will not be regenerated
[INFO] running `Command { std: "/workspace/cargo-home/bin/cargo" "+881c1ac408d93bb7adaa3a51dabab9266e82eee8" "fetch" "--manifest-path" "Cargo.toml", kill_on_drop: false }`
[INFO] [stderr]  Downloading crates ...
[INFO] [stderr]   Downloaded bencher v0.1.5
[INFO] [stderr]   Downloaded bstr v0.2.11
[INFO] [stderr]   Downloaded hashbrown v0.8.0
[INFO] [stderr]   Downloaded regex-automata v0.1.8
[INFO] running `Command { std: "docker" "create" "-v" "/var/lib/crater-agent-workspace/builds/worker-2/target:/opt/rustwide/target:rw,Z" "-v" "/var/lib/crater-agent-workspace/builds/worker-2/source:/opt/rustwide/workdir:ro,Z" "-v" "/var/lib/crater-agent-workspace/cargo-home:/opt/rustwide/cargo-home:ro,Z" "-v" "/var/lib/crater-agent-workspace/rustup-home:/opt/rustwide/rustup-home:ro,Z" "-e" "SOURCE_DIR=/opt/rustwide/workdir" "-e" "CARGO_TARGET_DIR=/opt/rustwide/target" "-e" "CARGO_HOME=/opt/rustwide/cargo-home" "-e" "RUSTUP_HOME=/opt/rustwide/rustup-home" "-w" "/opt/rustwide/workdir" "-m" "1610612736" "--user" "0:0" "--network" "none" "ghcr.io/rust-lang/crates-build-env/linux@sha256:20528e8c29e4536546f0102ce88568b16ea7538393a33fcca951030f7af10457" "/opt/rustwide/cargo-home/bin/cargo" "+881c1ac408d93bb7adaa3a51dabab9266e82eee8" "metadata" "--no-deps" "--format-version=1", kill_on_drop: false }`
[INFO] [stderr] WARNING: Your kernel does not support swap limit capabilities or the cgroup is not mounted. Memory limited without swap.
[INFO] [stdout] ced2a8bd40586d6a23ca48ec1ed6ed30fafb794996f9d5b37c0c443b412ebf62
[INFO] running `Command { std: "docker" "start" "-a" "ced2a8bd40586d6a23ca48ec1ed6ed30fafb794996f9d5b37c0c443b412ebf62", kill_on_drop: false }`
[INFO] running `Command { std: "docker" "inspect" "ced2a8bd40586d6a23ca48ec1ed6ed30fafb794996f9d5b37c0c443b412ebf62", kill_on_drop: false }`
[INFO] running `Command { std: "docker" "rm" "-f" "ced2a8bd40586d6a23ca48ec1ed6ed30fafb794996f9d5b37c0c443b412ebf62", kill_on_drop: false }`
[INFO] [stdout] ced2a8bd40586d6a23ca48ec1ed6ed30fafb794996f9d5b37c0c443b412ebf62
[INFO] running `Command { std: "docker" "create" "-v" "/var/lib/crater-agent-workspace/builds/worker-2/target:/opt/rustwide/target:rw,Z" "-v" "/var/lib/crater-agent-workspace/builds/worker-2/source:/opt/rustwide/workdir:ro,Z" "-v" "/var/lib/crater-agent-workspace/cargo-home:/opt/rustwide/cargo-home:ro,Z" "-v" "/var/lib/crater-agent-workspace/rustup-home:/opt/rustwide/rustup-home:ro,Z" "-e" "SOURCE_DIR=/opt/rustwide/workdir" "-e" "CARGO_TARGET_DIR=/opt/rustwide/target" "-e" "CARGO_INCREMENTAL=0" "-e" "RUST_BACKTRACE=full" "-e" "RUSTFLAGS=--cap-lints=forbid" "-e" "CARGO_HOME=/opt/rustwide/cargo-home" "-e" "RUSTUP_HOME=/opt/rustwide/rustup-home" "-w" "/opt/rustwide/workdir" "-m" "1610612736" "--user" "0:0" "--network" "none" "ghcr.io/rust-lang/crates-build-env/linux@sha256:20528e8c29e4536546f0102ce88568b16ea7538393a33fcca951030f7af10457" "/opt/rustwide/cargo-home/bin/cargo" "+881c1ac408d93bb7adaa3a51dabab9266e82eee8" "build" "--frozen" "--message-format=json", kill_on_drop: false }`
[INFO] [stdout] 92de6a0cc98c70670960748b411f2f2d141fe58a5b4719aa1864ebdf71ba8d4a
[INFO] [stderr] WARNING: Your kernel does not support swap limit capabilities or the cgroup is not mounted. Memory limited without swap.
[INFO] running `Command { std: "docker" "start" "-a" "92de6a0cc98c70670960748b411f2f2d141fe58a5b4719aa1864ebdf71ba8d4a", kill_on_drop: false }`
[INFO] [stderr]    Compiling autocfg v0.1.7
[INFO] [stderr]    Compiling lazy_static v1.4.0
[INFO] [stderr]    Compiling cfg-if v0.1.10
[INFO] [stderr]    Compiling byteorder v1.3.4
[INFO] [stderr]    Compiling rayon-core v1.7.1
[INFO] [stderr]    Compiling serde v1.0.104
[INFO] [stderr]    Compiling ryu v1.0.2
[INFO] [stderr]    Compiling ahash v0.3.8
[INFO] [stderr]    Compiling either v1.5.3
[INFO] [stderr]    Compiling bencher v0.1.5
[INFO] [stderr]    Compiling crossbeam-utils v0.7.2
[INFO] [stderr]    Compiling memoffset v0.5.4
[INFO] [stderr]    Compiling crossbeam-epoch v0.8.2
[INFO] [stderr]    Compiling hashbrown v0.8.0
[INFO] [stderr]    Compiling rayon v1.3.1
[INFO] [stderr]    Compiling num_cpus v1.13.0
[INFO] [stderr]    Compiling rand_os v0.1.3
[INFO] [stderr]    Compiling rand_pcg v0.1.2
[INFO] [stderr]    Compiling rand_chacha v0.1.1
[INFO] [stderr]    Compiling rand v0.6.5
[INFO] [stderr]    Compiling regex-automata v0.1.8
[INFO] [stderr]    Compiling crossbeam-queue v0.2.3
[INFO] [stderr]    Compiling crossbeam-deque v0.7.3
[INFO] [stderr]    Compiling bstr v0.2.11
[INFO] [stderr]    Compiling csv v1.1.3
[INFO] [stderr]    Compiling hedgecut v0.1.0 (/opt/rustwide/workdir)
[INFO] [stdout] error: couldn't read src/bin/play.rs: No such file or directory (os error 2)
[INFO] [stdout] 
[INFO] [stdout] 
[INFO] [stdout] error: aborting due to previous error
[INFO] [stdout] 
[INFO] [stdout] 
[INFO] [stderr] error: could not compile `hedgecut`
[INFO] [stderr] 
[INFO] [stderr] To learn more, run the command again with --verbose.
[INFO] [stderr] warning: build failed, waiting for other jobs to finish...
[INFO] [stdout] error[E0599]: no method named `has_positive_score` found for struct `SplitStats` in the current scope
[INFO] [stdout]   --> src/bin/evaluate_search.rs:56:18
[INFO] [stdout]    |
[INFO] [stdout] 56 |             if s.has_positive_score() && t.has_positive_score() {
[INFO] [stdout]    |                  ^^^^^^^^^^^^^^^^^^ method not found in `SplitStats`
[INFO] [stdout] 
[INFO] [stdout] 
[INFO] [stdout] error[E0599]: no method named `has_positive_score` found for struct `SplitStats` in the current scope
[INFO] [stdout]   --> src/bin/evaluate_search.rs:56:44
[INFO] [stdout]    |
[INFO] [stdout] 56 |             if s.has_positive_score() && t.has_positive_score() {
[INFO] [stdout]    |                                            ^^^^^^^^^^^^^^^^^^ method not found in `SplitStats`
[INFO] [stdout] 
[INFO] [stdout] 
[INFO] [stdout] error[E0599]: no method named `unwrap` found for type `i64` in the current scope
[INFO] [stdout]   --> src/bin/evaluate_search.rs:58:28
[INFO] [stdout]    |
[INFO] [stdout] 58 |                 if s.score.unwrap() < t.score.unwrap() {
[INFO] [stdout]    |                            ^^^^^^ method not found in `i64`
[INFO] [stdout] 
[INFO] [stdout] 
[INFO] [stdout] error[E0599]: no method named `unwrap` found for type `i64` in the current scope
[INFO] [stdout]   --> src/bin/evaluate_search.rs:58:47
[INFO] [stdout]    |
[INFO] [stdout] 58 |                 if s.score.unwrap() < t.score.unwrap() {
[INFO] [stdout]    |                                               ^^^^^^ method not found in `i64`
[INFO] [stdout] 
[INFO] [stdout] 
[INFO] [stdout] error[E0599]: no method named `fmt` found for struct `SplitStats` in the current scope
[INFO] [stdout]    --> src/bin/evaluate_search.rs:93:27
[INFO] [stdout]     |
[INFO] [stdout] 93  |                         s.fmt(),
[INFO] [stdout]     |                           ^^^ method not found in `SplitStats`
[INFO] [stdout]     |
[INFO] [stdout]     = help: items from traits can only be used if the trait is in scope
[INFO] [stdout] help: the following trait is implemented but not in scope; perhaps add a `use` for it:
[INFO] [stdout]     |
[INFO] [stdout] 3   | use std::fmt::Debug;
[INFO] [stdout]     |
[INFO] [stdout] 
[INFO] [stdout] 
[INFO] [stdout] error[E0599]: no method named `unwrap` found for type `i64` in the current scope
[INFO] [stdout]   --> src/bin/evaluate_search.rs:94:33
[INFO] [stdout]    |
[INFO] [stdout] 94 |                         s.score.unwrap() as f64 / 1_000_000_000_000_f64,
[INFO] [stdout]    |                                 ^^^^^^ method not found in `i64`
[INFO] [stdout] 
[INFO] [stdout] 
[INFO] [stdout] error[E0599]: no method named `fmt` found for struct `SplitStats` in the current scope
[INFO] [stdout]    --> src/bin/evaluate_search.rs:95:27
[INFO] [stdout]     |
[INFO] [stdout] 95  |                         t.fmt(),
[INFO] [stdout]     |                           ^^^ method not found in `SplitStats`
[INFO] [stdout]     |
[INFO] [stdout]     = help: items from traits can only be used if the trait is in scope
[INFO] [stdout] help: the following trait is implemented but not in scope; perhaps add a `use` for it:
[INFO] [stdout]     |
[INFO] [stdout] 3   | use std::fmt::Debug;
[INFO] [stdout]     |
[INFO] [stdout] 
[INFO] [stdout] 
[INFO] [stdout] error[E0599]: no method named `unwrap` found for type `i64` in the current scope
[INFO] [stdout]   --> src/bin/evaluate_search.rs:96:33
[INFO] [stdout]    |
[INFO] [stdout] 96 |                         t.score.unwrap() as f64 / 1_000_000_000_000_f64
[INFO] [stdout]    |                                 ^^^^^^ method not found in `i64`
[INFO] [stdout] 
[INFO] [stdout] 
[INFO] [stdout] error[E0599]: no method named `unwrap` found for type `i64` in the current scope
[INFO] [stdout]    --> src/bin/evaluate_search.rs:147:39
[INFO] [stdout]     |
[INFO] [stdout] 147 |         let score_diff1 = s_hat.score.unwrap() - t_hat.score.unwrap();
[INFO] [stdout]     |                                       ^^^^^^ method not found in `i64`
[INFO] [stdout] 
[INFO] [stdout] 
[INFO] [stdout] error[E0599]: no method named `unwrap` found for type `i64` in the current scope
[INFO] [stdout]    --> src/bin/evaluate_search.rs:147:62
[INFO] [stdout]     |
[INFO] [stdout] 147 |         let score_diff1 = s_hat.score.unwrap() - t_hat.score.unwrap();
[INFO] [stdout]     |                                                              ^^^^^^ method not found in `i64`
[INFO] [stdout] 
[INFO] [stdout] 
[INFO] [stdout] error[E0599]: no method named `unwrap` found for type `i64` in the current scope
[INFO] [stdout]    --> src/bin/evaluate_search.rs:157:43
[INFO] [stdout]     |
[INFO] [stdout] 157 |             let score_diff2 = s_hat.score.unwrap() - t_hat.score.unwrap();
[INFO] [stdout]     |                                           ^^^^^^ method not found in `i64`
[INFO] [stdout] 
[INFO] [stdout] 
[INFO] [stdout] error[E0599]: no method named `unwrap` found for type `i64` in the current scope
[INFO] [stdout]    --> src/bin/evaluate_search.rs:157:66
[INFO] [stdout]     |
[INFO] [stdout] 157 |             let score_diff2 = s_hat.score.unwrap() - t_hat.score.unwrap();
[INFO] [stdout]     |                                                                  ^^^^^^ method not found in `i64`
[INFO] [stdout] 
[INFO] [stdout] 
[INFO] [stdout] error[E0599]: no method named `unwrap` found for type `i64` in the current scope
[INFO] [stdout]    --> src/bin/evaluate_search.rs:166:47
[INFO] [stdout]     |
[INFO] [stdout] 166 |                 let score_diff3 = s_hat.score.unwrap() - t_hat.score.unwrap();
[INFO] [stdout]     |                                               ^^^^^^ method not found in `i64`
[INFO] [stdout] 
[INFO] [stdout] 
[INFO] [stdout] error[E0599]: no method named `unwrap` found for type `i64` in the current scope
[INFO] [stdout]    --> src/bin/evaluate_search.rs:166:70
[INFO] [stdout]     |
[INFO] [stdout] 166 |                 let score_diff3 = s_hat.score.unwrap() - t_hat.score.unwrap();
[INFO] [stdout]     |                                                                      ^^^^^^ method not found in `i64`
[INFO] [stdout] 
[INFO] [stdout] 
[INFO] [stdout] error[E0599]: no method named `unwrap` found for type `i64` in the current scope
[INFO] [stdout]    --> src/bin/evaluate_search.rs:175:51
[INFO] [stdout]     |
[INFO] [stdout] 175 |                     let score_diff4 = s_hat.score.unwrap() - t_hat.score.unwrap();
[INFO] [stdout]     |                                                   ^^^^^^ method not found in `i64`
[INFO] [stdout] 
[INFO] [stdout] 
[INFO] [stdout] error[E0599]: no method named `unwrap` found for type `i64` in the current scope
[INFO] [stdout]    --> src/bin/evaluate_search.rs:175:74
[INFO] [stdout]     |
[INFO] [stdout] 175 |                     let score_diff4 = s_hat.score.unwrap() - t_hat.score.unwrap();
[INFO] [stdout]     |                                                                          ^^^^^^ method not found in `i64`
[INFO] [stdout] 
[INFO] [stdout] 
[INFO] [stdout] error[E0599]: no method named `unwrap` found for type `i64` in the current scope
[INFO] [stdout]    --> src/bin/evaluate_search.rs:184:55
[INFO] [stdout]     |
[INFO] [stdout] 184 |                         let score_diff5 = s_hat.score.unwrap() - t_hat.score.unwrap();
[INFO] [stdout]     |                                                       ^^^^^^ method not found in `i64`
[INFO] [stdout] 
[INFO] [stdout] 
[INFO] [stdout] error[E0599]: no method named `unwrap` found for type `i64` in the current scope
[INFO] [stdout]    --> src/bin/evaluate_search.rs:184:78
[INFO] [stdout]     |
[INFO] [stdout] 184 |                         let score_diff5 = s_hat.score.unwrap() - t_hat.score.unwrap();
[INFO] [stdout]     |                                                                              ^^^^^^ method not found in `i64`
[INFO] [stdout] 
[INFO] [stdout] 
[INFO] [stdout] error[E0599]: no method named `unwrap` found for type `i64` in the current scope
[INFO] [stdout]    --> src/bin/evaluate_search.rs:193:59
[INFO] [stdout]     |
[INFO] [stdout] 193 | ...                   let score_diff6 = s_hat.score.unwrap() - t_hat.score.unwrap();
[INFO] [stdout]     |                                                     ^^^^^^ method not found in `i64`
[INFO] [stdout] 
[INFO] [stdout] 
[INFO] [stdout] error[E0599]: no method named `unwrap` found for type `i64` in the current scope
[INFO] [stdout]    --> src/bin/evaluate_search.rs:193:82
[INFO] [stdout]     |
[INFO] [stdout] 193 | ...                   let score_diff6 = s_hat.score.unwrap() - t_hat.score.unwrap();
[INFO] [stdout]     |                                                                            ^^^^^^ method not found in `i64`
[INFO] [stdout] 
[INFO] [stdout] 
[INFO] [stdout] error[E0599]: no method named `unwrap` found for type `i64` in the current scope
[INFO] [stdout]    --> src/bin/evaluate_search.rs:202:63
[INFO] [stdout]     |
[INFO] [stdout] 202 | ...                   let score_diff7 = s_hat.score.unwrap() - t_hat.score.unwrap();
[INFO] [stdout]     |                                                     ^^^^^^ method not found in `i64`
[INFO] [stdout] 
[INFO] [stdout] 
[INFO] [stdout] error[E0599]: no method named `unwrap` found for type `i64` in the current scope
[INFO] [stdout]    --> src/bin/evaluate_search.rs:202:86
[INFO] [stdout]     |
[INFO] [stdout] 202 | ...                   let score_diff7 = s_hat.score.unwrap() - t_hat.score.unwrap();
[INFO] [stdout]     |                                                                            ^^^^^^ method not found in `i64`
[INFO] [stdout] 
[INFO] [stdout] 
[INFO] [stdout] error[E0599]: no method named `unwrap` found for type `i64` in the current scope
[INFO] [stdout]    --> src/bin/evaluate_search.rs:228:39
[INFO] [stdout]     |
[INFO] [stdout] 228 |         let score_diff1 = s_hat.score.unwrap() - t_hat.score.unwrap();
[INFO] [stdout]     |                                       ^^^^^^ method not found in `i64`
[INFO] [stdout] 
[INFO] [stdout] 
[INFO] [stdout] error[E0599]: no method named `unwrap` found for type `i64` in the current scope
[INFO] [stdout]    --> src/bin/evaluate_search.rs:228:62
[INFO] [stdout]     |
[INFO] [stdout] 228 |         let score_diff1 = s_hat.score.unwrap() - t_hat.score.unwrap();
[INFO] [stdout]     |                                                              ^^^^^^ method not found in `i64`
[INFO] [stdout] 
[INFO] [stdout] 
[INFO] [stdout] error[E0599]: no method named `unwrap` found for type `i64` in the current scope
[INFO] [stdout]    --> src/bin/evaluate_search.rs:238:43
[INFO] [stdout]     |
[INFO] [stdout] 238 |             let score_diff2 = s_hat.score.unwrap() - t_hat.score.unwrap();
[INFO] [stdout]     |                                           ^^^^^^ method not found in `i64`
[INFO] [stdout] 
[INFO] [stdout] 
[INFO] [stdout] error[E0599]: no method named `unwrap` found for type `i64` in the current scope
[INFO] [stdout]    --> src/bin/evaluate_search.rs:238:66
[INFO] [stdout]     |
[INFO] [stdout] 238 |             let score_diff2 = s_hat.score.unwrap() - t_hat.score.unwrap();
[INFO] [stdout]     |                                                                  ^^^^^^ method not found in `i64`
[INFO] [stdout] 
[INFO] [stdout] 
[INFO] [stdout] error[E0599]: no method named `unwrap` found for type `i64` in the current scope
[INFO] [stdout]    --> src/bin/evaluate_search.rs:247:47
[INFO] [stdout]     |
[INFO] [stdout] 247 |                 let score_diff3 = s_hat.score.unwrap() - t_hat.score.unwrap();
[INFO] [stdout]     |                                               ^^^^^^ method not found in `i64`
[INFO] [stdout] 
[INFO] [stdout] 
[INFO] [stdout] error[E0599]: no method named `unwrap` found for type `i64` in the current scope
[INFO] [stdout]    --> src/bin/evaluate_search.rs:247:70
[INFO] [stdout]     |
[INFO] [stdout] 247 |                 let score_diff3 = s_hat.score.unwrap() - t_hat.score.unwrap();
[INFO] [stdout]     |                                                                      ^^^^^^ method not found in `i64`
[INFO] [stdout] 
[INFO] [stdout] 
[INFO] [stdout] error[E0599]: no method named `unwrap` found for type `i64` in the current scope
[INFO] [stdout]    --> src/bin/evaluate_search.rs:256:51
[INFO] [stdout]     |
[INFO] [stdout] 256 |                     let score_diff4 = s_hat.score.unwrap() - t_hat.score.unwrap();
[INFO] [stdout]     |                                                   ^^^^^^ method not found in `i64`
[INFO] [stdout] 
[INFO] [stdout] 
[INFO] [stdout] error[E0599]: no method named `unwrap` found for type `i64` in the current scope
[INFO] [stdout]    --> src/bin/evaluate_search.rs:256:74
[INFO] [stdout]     |
[INFO] [stdout] 256 |                     let score_diff4 = s_hat.score.unwrap() - t_hat.score.unwrap();
[INFO] [stdout]     |                                                                          ^^^^^^ method not found in `i64`
[INFO] [stdout] 
[INFO] [stdout] 
[INFO] [stdout] error[E0599]: no method named `unwrap` found for type `i64` in the current scope
[INFO] [stdout]    --> src/bin/evaluate_search.rs:265:55
[INFO] [stdout]     |
[INFO] [stdout] 265 |                         let score_diff5 = s_hat.score.unwrap() - t_hat.score.unwrap();
[INFO] [stdout]     |                                                       ^^^^^^ method not found in `i64`
[INFO] [stdout] 
[INFO] [stdout] 
[INFO] [stdout] error[E0599]: no method named `unwrap` found for type `i64` in the current scope
[INFO] [stdout]    --> src/bin/evaluate_search.rs:265:78
[INFO] [stdout]     |
[INFO] [stdout] 265 |                         let score_diff5 = s_hat.score.unwrap() - t_hat.score.unwrap();
[INFO] [stdout]     |                                                                              ^^^^^^ method not found in `i64`
[INFO] [stdout] 
[INFO] [stdout] 
[INFO] [stdout] error[E0599]: no method named `unwrap` found for type `i64` in the current scope
[INFO] [stdout]    --> src/bin/evaluate_search.rs:274:59
[INFO] [stdout]     |
[INFO] [stdout] 274 | ...                   let score_diff6 = s_hat.score.unwrap() - t_hat.score.unwrap();
[INFO] [stdout]     |                                                     ^^^^^^ method not found in `i64`
[INFO] [stdout] 
[INFO] [stdout] 
[INFO] [stdout] error[E0599]: no method named `unwrap` found for type `i64` in the current scope
[INFO] [stdout]    --> src/bin/evaluate_search.rs:274:82
[INFO] [stdout]     |
[INFO] [stdout] 274 | ...                   let score_diff6 = s_hat.score.unwrap() - t_hat.score.unwrap();
[INFO] [stdout]     |                                                                            ^^^^^^ method not found in `i64`
[INFO] [stdout] 
[INFO] [stdout] 
[INFO] [stdout] error[E0599]: no method named `unwrap` found for type `i64` in the current scope
[INFO] [stdout]    --> src/bin/evaluate_search.rs:283:63
[INFO] [stdout]     |
[INFO] [stdout] 283 | ...                   let score_diff7 = s_hat.score.unwrap() - t_hat.score.unwrap();
[INFO] [stdout]     |                                                     ^^^^^^ method not found in `i64`
[INFO] [stdout] 
[INFO] [stdout] 
[INFO] [stdout] error[E0599]: no method named `unwrap` found for type `i64` in the current scope
[INFO] [stdout]    --> src/bin/evaluate_search.rs:283:86
[INFO] [stdout]     |
[INFO] [stdout] 283 | ...                   let score_diff7 = s_hat.score.unwrap() - t_hat.score.unwrap();
[INFO] [stdout]     |                                                                            ^^^^^^ method not found in `i64`
[INFO] [stdout] 
[INFO] [stdout] 
[INFO] [stdout] error[E0599]: no method named `unwrap` found for type `i64` in the current scope
[INFO] [stdout]    --> src/bin/evaluate_search.rs:292:67
[INFO] [stdout]     |
[INFO] [stdout] 292 | ...                   let score_diff8 = s_hat.score.unwrap() - t_hat.score.unwrap();
[INFO] [stdout]     |                                                     ^^^^^^ method not found in `i64`
[INFO] [stdout] 
[INFO] [stdout] 
[INFO] [stdout] error[E0599]: no method named `unwrap` found for type `i64` in the current scope
[INFO] [stdout]    --> src/bin/evaluate_search.rs:292:90
[INFO] [stdout]     |
[INFO] [stdout] 292 | ...                   let score_diff8 = s_hat.score.unwrap() - t_hat.score.unwrap();
[INFO] [stdout]     |                                                                            ^^^^^^ method not found in `i64`
[INFO] [stdout] 
[INFO] [stdout] 
[INFO] [stdout] error[E0599]: no method named `unwrap` found for type `i64` in the current scope
[INFO] [stdout]    --> src/bin/evaluate_search.rs:321:39
[INFO] [stdout]     |
[INFO] [stdout] 321 |         let score_diff1 = s_hat.score.unwrap() - t_hat.score.unwrap();
[INFO] [stdout]     |                                       ^^^^^^ method not found in `i64`
[INFO] [stdout] 
[INFO] [stdout] 
[INFO] [stdout] error[E0599]: no method named `unwrap` found for type `i64` in the current scope
[INFO] [stdout]    --> src/bin/evaluate_search.rs:321:62
[INFO] [stdout]     |
[INFO] [stdout] 321 |         let score_diff1 = s_hat.score.unwrap() - t_hat.score.unwrap();
[INFO] [stdout]     |                                                              ^^^^^^ method not found in `i64`
[INFO] [stdout] 
[INFO] [stdout] 
[INFO] [stdout] error[E0599]: no method named `unwrap` found for type `i64` in the current scope
[INFO] [stdout]    --> src/bin/evaluate_search.rs:331:43
[INFO] [stdout]     |
[INFO] [stdout] 331 |             let score_diff2 = s_hat.score.unwrap() - t_hat.score.unwrap();
[INFO] [stdout]     |                                           ^^^^^^ method not found in `i64`
[INFO] [stdout] 
[INFO] [stdout] 
[INFO] [stdout] error[E0599]: no method named `unwrap` found for type `i64` in the current scope
[INFO] [stdout]    --> src/bin/evaluate_search.rs:331:66
[INFO] [stdout]     |
[INFO] [stdout] 331 |             let score_diff2 = s_hat.score.unwrap() - t_hat.score.unwrap();
[INFO] [stdout]     |                                                                  ^^^^^^ method not found in `i64`
[INFO] [stdout] 
[INFO] [stdout] 
[INFO] [stdout] error[E0599]: no method named `unwrap` found for type `i64` in the current scope
[INFO] [stdout]    --> src/bin/evaluate_search.rs:340:47
[INFO] [stdout]     |
[INFO] [stdout] 340 |                 let score_diff3 = s_hat.score.unwrap() - t_hat.score.unwrap();
[INFO] [stdout]     |                                               ^^^^^^ method not found in `i64`
[INFO] [stdout] 
[INFO] [stdout] 
[INFO] [stdout] error[E0599]: no method named `unwrap` found for type `i64` in the current scope
[INFO] [stdout]    --> src/bin/evaluate_search.rs:340:70
[INFO] [stdout]     |
[INFO] [stdout] 340 |                 let score_diff3 = s_hat.score.unwrap() - t_hat.score.unwrap();
[INFO] [stdout]     |                                                                      ^^^^^^ method not found in `i64`
[INFO] [stdout] 
[INFO] [stdout] 
[INFO] [stdout] error[E0599]: no method named `unwrap` found for type `i64` in the current scope
[INFO] [stdout]    --> src/bin/evaluate_search.rs:349:51
[INFO] [stdout]     |
[INFO] [stdout] 349 |                     let score_diff4 = s_hat.score.unwrap() - t_hat.score.unwrap();
[INFO] [stdout]     |                                                   ^^^^^^ method not found in `i64`
[INFO] [stdout] 
[INFO] [stdout] 
[INFO] [stdout] error[E0599]: no method named `unwrap` found for type `i64` in the current scope
[INFO] [stdout]    --> src/bin/evaluate_search.rs:349:74
[INFO] [stdout]     |
[INFO] [stdout] 349 |                     let score_diff4 = s_hat.score.unwrap() - t_hat.score.unwrap();
[INFO] [stdout]     |                                                                          ^^^^^^ method not found in `i64`
[INFO] [stdout] 
[INFO] [stdout] 
[INFO] [stdout] error[E0599]: no method named `unwrap` found for type `i64` in the current scope
[INFO] [stdout]    --> src/bin/evaluate_search.rs:358:55
[INFO] [stdout]     |
[INFO] [stdout] 358 |                         let score_diff5 = s_hat.score.unwrap() - t_hat.score.unwrap();
[INFO] [stdout]     |                                                       ^^^^^^ method not found in `i64`
[INFO] [stdout] 
[INFO] [stdout] 
[INFO] [stdout] error[E0599]: no method named `unwrap` found for type `i64` in the current scope
[INFO] [stdout]    --> src/bin/evaluate_search.rs:358:78
[INFO] [stdout]     |
[INFO] [stdout] 358 |                         let score_diff5 = s_hat.score.unwrap() - t_hat.score.unwrap();
[INFO] [stdout]     |                                                                              ^^^^^^ method not found in `i64`
[INFO] [stdout] 
[INFO] [stdout] 
[INFO] [stdout] error[E0599]: no method named `unwrap` found for type `i64` in the current scope
[INFO] [stdout]    --> src/bin/evaluate_search.rs:367:59
[INFO] [stdout]     |
[INFO] [stdout] 367 | ...                   let score_diff6 = s_hat.score.unwrap() - t_hat.score.unwrap();
[INFO] [stdout]     |                                                     ^^^^^^ method not found in `i64`
[INFO] [stdout] 
[INFO] [stdout] 
[INFO] [stdout] error[E0599]: no method named `unwrap` found for type `i64` in the current scope
[INFO] [stdout]    --> src/bin/evaluate_search.rs:367:82
[INFO] [stdout]     |
[INFO] [stdout] 367 | ...                   let score_diff6 = s_hat.score.unwrap() - t_hat.score.unwrap();
[INFO] [stdout]     |                                                                            ^^^^^^ method not found in `i64`
[INFO] [stdout] 
[INFO] [stdout] 
[INFO] [stdout] error[E0599]: no method named `unwrap` found for type `i64` in the current scope
[INFO] [stdout]    --> src/bin/evaluate_search.rs:399:39
[INFO] [stdout]     |
[INFO] [stdout] 399 |         let score_diff1 = s_hat.score.unwrap() - t_hat.score.unwrap();
[INFO] [stdout]     |                                       ^^^^^^ method not found in `i64`
[INFO] [stdout] 
[INFO] [stdout] 
[INFO] [stdout] error[E0599]: no method named `unwrap` found for type `i64` in the current scope
[INFO] [stdout]    --> src/bin/evaluate_search.rs:399:62
[INFO] [stdout]     |
[INFO] [stdout] 399 |         let score_diff1 = s_hat.score.unwrap() - t_hat.score.unwrap();
[INFO] [stdout]     |                                                              ^^^^^^ method not found in `i64`
[INFO] [stdout] 
[INFO] [stdout] 
[INFO] [stdout] error[E0599]: no method named `unwrap` found for type `i64` in the current scope
[INFO] [stdout]    --> src/bin/evaluate_search.rs:410:43
[INFO] [stdout]     |
[INFO] [stdout] 410 |             let score_diff2 = s_hat.score.unwrap() - t_hat.score.unwrap();
[INFO] [stdout]     |                                           ^^^^^^ method not found in `i64`
[INFO] [stdout] 
[INFO] [stdout] 
[INFO] [stdout] error[E0599]: no method named `unwrap` found for type `i64` in the current scope
[INFO] [stdout]    --> src/bin/evaluate_search.rs:410:66
[INFO] [stdout]     |
[INFO] [stdout] 410 |             let score_diff2 = s_hat.score.unwrap() - t_hat.score.unwrap();
[INFO] [stdout]     |                                                                  ^^^^^^ method not found in `i64`
[INFO] [stdout] 
[INFO] [stdout] 
[INFO] [stdout] error[E0599]: no method named `unwrap` found for type `i64` in the current scope
[INFO] [stdout]    --> src/bin/evaluate_search.rs:420:47
[INFO] [stdout]     |
[INFO] [stdout] 420 |                 let score_diff3 = s_hat.score.unwrap() - t_hat.score.unwrap();
[INFO] [stdout]     |                                               ^^^^^^ method not found in `i64`
[INFO] [stdout] 
[INFO] [stdout] 
[INFO] [stdout] error[E0599]: no method named `unwrap` found for type `i64` in the current scope
[INFO] [stdout]    --> src/bin/evaluate_search.rs:420:70
[INFO] [stdout]     |
[INFO] [stdout] 420 |                 let score_diff3 = s_hat.score.unwrap() - t_hat.score.unwrap();
[INFO] [stdout]     |                                                                      ^^^^^^ method not found in `i64`
[INFO] [stdout] 
[INFO] [stdout] 
[INFO] [stdout] error[E0599]: no method named `unwrap` found for type `i64` in the current scope
[INFO] [stdout]    --> src/bin/evaluate_search.rs:430:51
[INFO] [stdout]     |
[INFO] [stdout] 430 |                     let score_diff4 = s_hat.score.unwrap() - t_hat.score.unwrap();
[INFO] [stdout]     |                                                   ^^^^^^ method not found in `i64`
[INFO] [stdout] 
[INFO] [stdout] 
[INFO] [stdout] error[E0599]: no method named `unwrap` found for type `i64` in the current scope
[INFO] [stdout]    --> src/bin/evaluate_search.rs:430:74
[INFO] [stdout]     |
[INFO] [stdout] 430 |                     let score_diff4 = s_hat.score.unwrap() - t_hat.score.unwrap();
[INFO] [stdout]     |                                                                          ^^^^^^ method not found in `i64`
[INFO] [stdout] 
[INFO] [stdout] 
[INFO] [stdout] error[E0599]: no method named `unwrap` found for type `i64` in the current scope
[INFO] [stdout]    --> src/bin/evaluate_search.rs:440:55
[INFO] [stdout]     |
[INFO] [stdout] 440 |                         let score_diff5 = s_hat.score.unwrap() - t_hat.score.unwrap();
[INFO] [stdout]     |                                                       ^^^^^^ method not found in `i64`
[INFO] [stdout] 
[INFO] [stdout] 
[INFO] [stdout] error[E0599]: no method named `unwrap` found for type `i64` in the current scope
[INFO] [stdout]    --> src/bin/evaluate_search.rs:440:78
[INFO] [stdout]     |
[INFO] [stdout] 440 |                         let score_diff5 = s_hat.score.unwrap() - t_hat.score.unwrap();
[INFO] [stdout]     |                                                                              ^^^^^^ method not found in `i64`
[INFO] [stdout] 
[INFO] [stdout] 
[INFO] [stdout] error[E0599]: no method named `unwrap` found for type `i64` in the current scope
[INFO] [stdout]    --> src/bin/evaluate_search.rs:466:39
[INFO] [stdout]     |
[INFO] [stdout] 466 |         let score_diff1 = s_hat.score.unwrap() - t_hat.score.unwrap();
[INFO] [stdout]     |                                       ^^^^^^ method not found in `i64`
[INFO] [stdout] 
[INFO] [stdout] 
[INFO] [stdout] error[E0599]: no method named `unwrap` found for type `i64` in the current scope
[INFO] [stdout]    --> src/bin/evaluate_search.rs:466:62
[INFO] [stdout]     |
[INFO] [stdout] 466 |         let score_diff1 = s_hat.score.unwrap() - t_hat.score.unwrap();
[INFO] [stdout]     |                                                              ^^^^^^ method not found in `i64`
[INFO] [stdout] 
[INFO] [stdout] 
[INFO] [stdout] error[E0599]: no method named `unwrap` found for type `i64` in the current scope
[INFO] [stdout]    --> src/bin/evaluate_search.rs:475:43
[INFO] [stdout]     |
[INFO] [stdout] 475 |             let score_diff2 = s_hat.score.unwrap() - t_hat.score.unwrap();
[INFO] [stdout]     |                                           ^^^^^^ method not found in `i64`
[INFO] [stdout] 
[INFO] [stdout] 
[INFO] [stdout] error[E0599]: no method named `unwrap` found for type `i64` in the current scope
[INFO] [stdout]    --> src/bin/evaluate_search.rs:475:66
[INFO] [stdout]     |
[INFO] [stdout] 475 |             let score_diff2 = s_hat.score.unwrap() - t_hat.score.unwrap();
[INFO] [stdout]     |                                                                  ^^^^^^ method not found in `i64`
[INFO] [stdout] 
[INFO] [stdout] 
[INFO] [stdout] error[E0599]: no method named `unwrap` found for type `i64` in the current scope
[INFO] [stdout]    --> src/bin/evaluate_search.rs:484:47
[INFO] [stdout]     |
[INFO] [stdout] 484 |                 let score_diff3 = s_hat.score.unwrap() - t_hat.score.unwrap();
[INFO] [stdout]     |                                               ^^^^^^ method not found in `i64`
[INFO] [stdout] 
[INFO] [stdout] 
[INFO] [stdout] error[E0599]: no method named `unwrap` found for type `i64` in the current scope
[INFO] [stdout]    --> src/bin/evaluate_search.rs:484:70
[INFO] [stdout]     |
[INFO] [stdout] 484 |                 let score_diff3 = s_hat.score.unwrap() - t_hat.score.unwrap();
[INFO] [stdout]     |                                                                      ^^^^^^ method not found in `i64`
[INFO] [stdout] 
[INFO] [stdout] 
[INFO] [stdout] error[E0599]: no method named `unwrap` found for type `i64` in the current scope
[INFO] [stdout]    --> src/bin/evaluate_search.rs:493:51
[INFO] [stdout]     |
[INFO] [stdout] 493 |                     let score_diff4 = s_hat.score.unwrap() - t_hat.score.unwrap();
[INFO] [stdout]     |                                                   ^^^^^^ method not found in `i64`
[INFO] [stdout] 
[INFO] [stdout] 
[INFO] [stdout] error[E0599]: no method named `unwrap` found for type `i64` in the current scope
[INFO] [stdout]    --> src/bin/evaluate_search.rs:493:74
[INFO] [stdout]     |
[INFO] [stdout] 493 |                     let score_diff4 = s_hat.score.unwrap() - t_hat.score.unwrap();
[INFO] [stdout]     |                                                                          ^^^^^^ method not found in `i64`
[INFO] [stdout] 
[INFO] [stdout] 
[INFO] [stdout] error[E0599]: no method named `unwrap` found for type `i64` in the current scope
[INFO] [stdout]    --> src/bin/evaluate_search.rs:516:39
[INFO] [stdout]     |
[INFO] [stdout] 516 |         let score_diff1 = s_hat.score.unwrap() - t_hat.score.unwrap();
[INFO] [stdout]     |                                       ^^^^^^ method not found in `i64`
[INFO] [stdout] 
[INFO] [stdout] 
[INFO] [stdout] error[E0599]: no method named `unwrap` found for type `i64` in the current scope
[INFO] [stdout]    --> src/bin/evaluate_search.rs:516:62
[INFO] [stdout]     |
[INFO] [stdout] 516 |         let score_diff1 = s_hat.score.unwrap() - t_hat.score.unwrap();
[INFO] [stdout]     |                                                              ^^^^^^ method not found in `i64`
[INFO] [stdout] 
[INFO] [stdout] 
[INFO] [stdout] error[E0599]: no method named `unwrap` found for type `i64` in the current scope
[INFO] [stdout]    --> src/bin/evaluate_search.rs:525:43
[INFO] [stdout]     |
[INFO] [stdout] 525 |             let score_diff2 = s_hat.score.unwrap() - t_hat.score.unwrap();
[INFO] [stdout]     |                                           ^^^^^^ method not found in `i64`
[INFO] [stdout] 
[INFO] [stdout] 
[INFO] [stdout] error[E0599]: no method named `unwrap` found for type `i64` in the current scope
[INFO] [stdout]    --> src/bin/evaluate_search.rs:525:66
[INFO] [stdout]     |
[INFO] [stdout] 525 |             let score_diff2 = s_hat.score.unwrap() - t_hat.score.unwrap();
[INFO] [stdout]     |                                                                  ^^^^^^ method not found in `i64`
[INFO] [stdout] 
[INFO] [stdout] 
[INFO] [stdout] error[E0599]: no method named `unwrap` found for type `i64` in the current scope
[INFO] [stdout]    --> src/bin/evaluate_search.rs:545:39
[INFO] [stdout]     |
[INFO] [stdout] 545 |         let score_diff1 = s_hat.score.unwrap() - t_hat.score.unwrap();
[INFO] [stdout]     |                                       ^^^^^^ method not found in `i64`
[INFO] [stdout] 
[INFO] [stdout] 
[INFO] [stdout] error[E0599]: no method named `unwrap` found for type `i64` in the current scope
[INFO] [stdout]    --> src/bin/evaluate_search.rs:545:62
[INFO] [stdout]     |
[INFO] [stdout] 545 |         let score_diff1 = s_hat.score.unwrap() - t_hat.score.unwrap();
[INFO] [stdout]     |                                                              ^^^^^^ method not found in `i64`
[INFO] [stdout] 
[INFO] [stdout] 
[INFO] [stdout] error[E0599]: no method named `unwrap` found for type `i64` in the current scope
[INFO] [stdout]    --> src/bin/evaluate_search.rs:554:43
[INFO] [stdout]     |
[INFO] [stdout] 554 |             let score_diff2 = s_hat.score.unwrap() - t_hat.score.unwrap();
[INFO] [stdout]     |                                           ^^^^^^ method not found in `i64`
[INFO] [stdout] 
[INFO] [stdout] 
[INFO] [stdout] error[E0599]: no method named `unwrap` found for type `i64` in the current scope
[INFO] [stdout]    --> src/bin/evaluate_search.rs:554:66
[INFO] [stdout]     |
[INFO] [stdout] 554 |             let score_diff2 = s_hat.score.unwrap() - t_hat.score.unwrap();
[INFO] [stdout]     |                                                                  ^^^^^^ method not found in `i64`
[INFO] [stdout] 
[INFO] [stdout] 
[INFO] [stdout] error[E0599]: no method named `unwrap` found for type `i64` in the current scope
[INFO] [stdout]    --> src/bin/evaluate_search.rs:563:47
[INFO] [stdout]     |
[INFO] [stdout] 563 |                 let score_diff3 = s_hat.score.unwrap() - t_hat.score.unwrap();
[INFO] [stdout]     |                                               ^^^^^^ method not found in `i64`
[INFO] [stdout] 
[INFO] [stdout] 
[INFO] [stdout] error[E0599]: no method named `unwrap` found for type `i64` in the current scope
[INFO] [stdout]    --> src/bin/evaluate_search.rs:563:70
[INFO] [stdout]     |
[INFO] [stdout] 563 |                 let score_diff3 = s_hat.score.unwrap() - t_hat.score.unwrap();
[INFO] [stdout]     |                                                                      ^^^^^^ method not found in `i64`
[INFO] [stdout] 
[INFO] [stdout] 
[INFO] [stdout] error: aborting due to 78 previous errors
[INFO] [stdout] 
[INFO] [stdout] 
[INFO] [stdout] For more information about this error, try `rustc --explain E0599`.
[INFO] [stdout] 
[INFO] [stderr] error: build failed
[INFO] running `Command { std: "docker" "inspect" "92de6a0cc98c70670960748b411f2f2d141fe58a5b4719aa1864ebdf71ba8d4a", kill_on_drop: false }`
[INFO] running `Command { std: "docker" "rm" "-f" "92de6a0cc98c70670960748b411f2f2d141fe58a5b4719aa1864ebdf71ba8d4a", kill_on_drop: false }`
[INFO] [stdout] 92de6a0cc98c70670960748b411f2f2d141fe58a5b4719aa1864ebdf71ba8d4a
